{"id":1951,"date":"2023-08-21T10:39:35","date_gmt":"2023-08-21T08:39:35","guid":{"rendered":"https:\/\/www.kalmarkonstmuseum.se\/designarkivet\/wp-content\/uploads\/sites\/4\/2023\/04\/haromkring-12.jpg"},"modified":"2023-08-21T10:50:00","modified_gmt":"2023-08-21T08:50:00","slug":"haromkring-12","status":"inherit","type":"attachment","link":"https:\/\/www.kalmarkonstmuseum.se\/designarkivet\/har-omkring-en-utstallning-om-lokala-och-globala-designhistorier-fran-smaland\/haromkring-12\/","title":{"rendered":"ha\u0308romkring-12"},"author":66,"featured_media":0,"comment_status":"closed","ping_status":"closed","template":"","meta":{"_exactmetrics_skip_tracking":false,"_exactmetrics_sitenote_active":false,"_exactmetrics_sitenote_note":"","_exactmetrics_sitenote_category":0},"class_list":["post-1951","attachment","type-attachment","status-inherit","hentry"],"description":{"rendered":"<p class=\"attachment\"><a href='https:\/\/www.kalmarkonstmuseum.se\/designarkivet\/wp-content\/uploads\/sites\/4\/2023\/04\/haromkring-12-scaled.jpg'><img loading=\"lazy\" decoding=\"async\" width=\"300\" height=\"200\" src=\"https:\/\/www.kalmarkonstmuseum.se\/designarkivet\/wp-content\/uploads\/sites\/4\/2023\/04\/haromkring-12-300x200.jpg\" class=\"attachment-medium size-medium\" alt=\"\" srcset=\"https:\/\/www.kalmarkonstmuseum.se\/designarkivet\/wp-content\/uploads\/sites\/4\/2023\/04\/haromkring-12-300x200.jpg 300w, https:\/\/www.kalmarkonstmuseum.se\/designarkivet\/wp-content\/uploads\/sites\/4\/2023\/04\/haromkring-12-1024x683.jpg 1024w, https:\/\/www.kalmarkonstmuseum.se\/designarkivet\/wp-content\/uploads\/sites\/4\/2023\/04\/haromkring-12-768x512.jpg 768w, https:\/\/www.kalmarkonstmuseum.se\/designarkivet\/wp-content\/uploads\/sites\/4\/2023\/04\/haromkring-12-1536x1024.jpg 1536w, https:\/\/www.kalmarkonstmuseum.se\/designarkivet\/wp-content\/uploads\/sites\/4\/2023\/04\/haromkring-12-2048x1365.jpg 2048w\" sizes=\"auto, (max-width: 300px) 100vw, 300px\" \/><\/a><\/p>\n"},"caption":{"rendered":"<p>Luffarsl\u00f6jd, &#8221;tr\u00e5dtjack&#8221;, fr\u00e5n H\u00f6nsalottas Luffarmuseum<\/p>\n"},"alt_text":"","media_type":"image","mime_type":"image\/jpeg","media_details":{"width":2560,"height":1707,"file":"2023\/04\/haromkring-12-scaled.jpg","filesize":572396,"sizes":{"medium":{"file":"haromkring-12-300x200.jpg","width":300,"height":200,"filesize":13605,"mime_type":"image\/jpeg","source_url":"https:\/\/www.kalmarkonstmuseum.se\/designarkivet\/wp-content\/uploads\/sites\/4\/2023\/04\/haromkring-12-300x200.jpg"},"large":{"file":"haromkring-12-1024x683.jpg","width":1024,"height":683,"filesize":107632,"mime_type":"image\/jpeg","source_url":"https:\/\/www.kalmarkonstmuseum.se\/designarkivet\/wp-content\/uploads\/sites\/4\/2023\/04\/haromkring-12-1024x683.jpg"},"thumbnail":{"file":"haromkring-12-150x150.jpg","width":150,"height":150,"filesize":5973,"mime_type":"image\/jpeg","source_url":"https:\/\/www.kalmarkonstmuseum.se\/designarkivet\/wp-content\/uploads\/sites\/4\/2023\/04\/haromkring-12-150x150.jpg"},"medium_large":{"file":"haromkring-12-768x512.jpg","width":768,"height":512,"filesize":64886,"mime_type":"image\/jpeg","source_url":"https:\/\/www.kalmarkonstmuseum.se\/designarkivet\/wp-content\/uploads\/sites\/4\/2023\/04\/haromkring-12-768x512.jpg"},"1536x1536":{"file":"haromkring-12-1536x1024.jpg","width":1536,"height":1024,"filesize":218386,"mime_type":"image\/jpeg","source_url":"https:\/\/www.kalmarkonstmuseum.se\/designarkivet\/wp-content\/uploads\/sites\/4\/2023\/04\/haromkring-12-1536x1024.jpg"},"2048x2048":{"file":"haromkring-12-2048x1365.jpg","width":2048,"height":1365,"filesize":372951,"mime_type":"image\/jpeg","source_url":"https:\/\/www.kalmarkonstmuseum.se\/designarkivet\/wp-content\/uploads\/sites\/4\/2023\/04\/haromkring-12-2048x1365.jpg"},"entry-banner":{"file":"haromkring-12-1170x446.jpg","width":1170,"height":446,"filesize":82735,"mime_type":"image\/jpeg","source_url":"https:\/\/www.kalmarkonstmuseum.se\/designarkivet\/wp-content\/uploads\/sites\/4\/2023\/04\/haromkring-12-1170x446.jpg"},"entry-image":{"file":"haromkring-12-962x570.jpg","width":962,"height":570,"filesize":85870,"mime_type":"image\/jpeg","source_url":"https:\/\/www.kalmarkonstmuseum.se\/designarkivet\/wp-content\/uploads\/sites\/4\/2023\/04\/haromkring-12-962x570.jpg"},"entry-image-home":{"file":"haromkring-12-962x460.jpg","width":962,"height":460,"filesize":69073,"mime_type":"image\/jpeg","source_url":"https:\/\/www.kalmarkonstmuseum.se\/designarkivet\/wp-content\/uploads\/sites\/4\/2023\/04\/haromkring-12-962x460.jpg"},"entry-image-home2":{"file":"haromkring-12-962x670.jpg","width":962,"height":670,"filesize":99475,"mime_type":"image\/jpeg","source_url":"https:\/\/www.kalmarkonstmuseum.se\/designarkivet\/wp-content\/uploads\/sites\/4\/2023\/04\/haromkring-12-962x670.jpg"},"exhibition-archive":{"file":"haromkring-12-750x372.jpg","width":750,"height":372,"filesize":46382,"mime_type":"image\/jpeg","source_url":"https:\/\/www.kalmarkonstmuseum.se\/designarkivet\/wp-content\/uploads\/sites\/4\/2023\/04\/haromkring-12-750x372.jpg"},"full":{"file":"haromkring-12-scaled.jpg","width":2560,"height":1707,"mime_type":"image\/jpeg","source_url":"https:\/\/www.kalmarkonstmuseum.se\/designarkivet\/wp-content\/uploads\/sites\/4\/2023\/04\/haromkring-12-scaled.jpg"}},"image_meta":{"aperture":"0","credit":"","camera":"","caption":"","created_timestamp":"0","copyright":"","focal_length":"0","iso":"0","shutter_speed":"0","title":"","orientation":"0","keywords":[]},"original_image":"haromkring-12.jpg"},"post":1849,"source_url":"https:\/\/www.kalmarkonstmuseum.se\/designarkivet\/wp-content\/uploads\/sites\/4\/2023\/04\/haromkring-12-scaled.jpg","_links":{"self":[{"href":"https:\/\/www.kalmarkonstmuseum.se\/designarkivet\/wp-json\/wp\/v2\/media\/1951","targetHints":{"allow":["GET"]}}],"collection":[{"href":"https:\/\/www.kalmarkonstmuseum.se\/designarkivet\/wp-json\/wp\/v2\/media"}],"about":[{"href":"https:\/\/www.kalmarkonstmuseum.se\/designarkivet\/wp-json\/wp\/v2\/types\/attachment"}],"author":[{"embeddable":true,"href":"https:\/\/www.kalmarkonstmuseum.se\/designarkivet\/wp-json\/wp\/v2\/users\/66"}],"replies":[{"embeddable":true,"href":"https:\/\/www.kalmarkonstmuseum.se\/designarkivet\/wp-json\/wp\/v2\/comments?post=1951"}],"wp:attached-to":[{"embeddable":true,"post_type":"post","id":1849,"href":"https:\/\/www.kalmarkonstmuseum.se\/designarkivet\/wp-json\/wp\/v2\/posts\/1849"}],"curies":[{"name":"wp","href":"https:\/\/api.w.org\/{rel}","templated":true}]}}

<p>Luffarslöjd, &#8221;trådtjack&#8221;, från Hönsalottas Luffarmuseum</p>
