{"id":1962,"date":"2023-08-21T10:41:19","date_gmt":"2023-08-21T08:41:19","guid":{"rendered":"https:\/\/www.kalmarkonstmuseum.se\/designarkivet\/wp-content\/uploads\/sites\/4\/2023\/04\/haromkring-73.jpg"},"modified":"2023-08-21T10:57:53","modified_gmt":"2023-08-21T08:57:53","slug":"haromkring-73","status":"inherit","type":"attachment","link":"https:\/\/www.kalmarkonstmuseum.se\/designarkivet\/har-omkring-en-utstallning-om-lokala-och-globala-designhistorier-fran-smaland\/haromkring-73\/","title":{"rendered":"ha\u0308romkring-73"},"author":66,"featured_media":0,"comment_status":"closed","ping_status":"closed","template":"","meta":{"_exactmetrics_skip_tracking":false,"_exactmetrics_sitenote_active":false,"_exactmetrics_sitenote_note":"","_exactmetrics_sitenote_category":0},"class_list":["post-1962","attachment","type-attachment","status-inherit","hentry"],"description":{"rendered":"<p class=\"attachment\"><a href='https:\/\/www.kalmarkonstmuseum.se\/designarkivet\/wp-content\/uploads\/sites\/4\/2023\/04\/haromkring-73-scaled.jpg'><img loading=\"lazy\" decoding=\"async\" width=\"300\" height=\"193\" src=\"https:\/\/www.kalmarkonstmuseum.se\/designarkivet\/wp-content\/uploads\/sites\/4\/2023\/04\/haromkring-73-300x193.jpg\" class=\"attachment-medium size-medium\" alt=\"\" srcset=\"https:\/\/www.kalmarkonstmuseum.se\/designarkivet\/wp-content\/uploads\/sites\/4\/2023\/04\/haromkring-73-300x193.jpg 300w, https:\/\/www.kalmarkonstmuseum.se\/designarkivet\/wp-content\/uploads\/sites\/4\/2023\/04\/haromkring-73-1024x658.jpg 1024w, https:\/\/www.kalmarkonstmuseum.se\/designarkivet\/wp-content\/uploads\/sites\/4\/2023\/04\/haromkring-73-768x493.jpg 768w, https:\/\/www.kalmarkonstmuseum.se\/designarkivet\/wp-content\/uploads\/sites\/4\/2023\/04\/haromkring-73-1536x986.jpg 1536w, https:\/\/www.kalmarkonstmuseum.se\/designarkivet\/wp-content\/uploads\/sites\/4\/2023\/04\/haromkring-73-2048x1315.jpg 2048w\" sizes=\"auto, (max-width: 300px) 100vw, 300px\" \/><\/a><\/p>\n"},"caption":{"rendered":"<p><i>br\u00e4v<\/i>, tidskrift, Rosa Tolnov Clausen, Daniele Burlando, 2023<br \/>Karta \u00f6ver v\u00e4vstugor i Sm\u00e5land, Ann Rydh och lokala v\u00e4vstugor, 2023<\/p>\n"},"alt_text":"","media_type":"image","mime_type":"image\/jpeg","media_details":{"width":2560,"height":1644,"file":"2023\/04\/haromkring-73-scaled.jpg","filesize":557480,"sizes":{"medium":{"file":"haromkring-73-300x193.jpg","width":300,"height":193,"filesize":14260,"mime_type":"image\/jpeg","source_url":"https:\/\/www.kalmarkonstmuseum.se\/designarkivet\/wp-content\/uploads\/sites\/4\/2023\/04\/haromkring-73-300x193.jpg"},"large":{"file":"haromkring-73-1024x658.jpg","width":1024,"height":658,"filesize":105592,"mime_type":"image\/jpeg","source_url":"https:\/\/www.kalmarkonstmuseum.se\/designarkivet\/wp-content\/uploads\/sites\/4\/2023\/04\/haromkring-73-1024x658.jpg"},"thumbnail":{"file":"haromkring-73-150x150.jpg","width":150,"height":150,"filesize":6628,"mime_type":"image\/jpeg","source_url":"https:\/\/www.kalmarkonstmuseum.se\/designarkivet\/wp-content\/uploads\/sites\/4\/2023\/04\/haromkring-73-150x150.jpg"},"medium_large":{"file":"haromkring-73-768x493.jpg","width":768,"height":493,"filesize":64757,"mime_type":"image\/jpeg","source_url":"https:\/\/www.kalmarkonstmuseum.se\/designarkivet\/wp-content\/uploads\/sites\/4\/2023\/04\/haromkring-73-768x493.jpg"},"1536x1536":{"file":"haromkring-73-1536x986.jpg","width":1536,"height":986,"filesize":213348,"mime_type":"image\/jpeg","source_url":"https:\/\/www.kalmarkonstmuseum.se\/designarkivet\/wp-content\/uploads\/sites\/4\/2023\/04\/haromkring-73-1536x986.jpg"},"2048x2048":{"file":"haromkring-73-2048x1315.jpg","width":2048,"height":1315,"filesize":363233,"mime_type":"image\/jpeg","source_url":"https:\/\/www.kalmarkonstmuseum.se\/designarkivet\/wp-content\/uploads\/sites\/4\/2023\/04\/haromkring-73-2048x1315.jpg"},"entry-banner":{"file":"haromkring-73-1170x446.jpg","width":1170,"height":446,"filesize":89335,"mime_type":"image\/jpeg","source_url":"https:\/\/www.kalmarkonstmuseum.se\/designarkivet\/wp-content\/uploads\/sites\/4\/2023\/04\/haromkring-73-1170x446.jpg"},"entry-image":{"file":"haromkring-73-962x570.jpg","width":962,"height":570,"filesize":90847,"mime_type":"image\/jpeg","source_url":"https:\/\/www.kalmarkonstmuseum.se\/designarkivet\/wp-content\/uploads\/sites\/4\/2023\/04\/haromkring-73-962x570.jpg"},"entry-image-home":{"file":"haromkring-73-962x460.jpg","width":962,"height":460,"filesize":77532,"mime_type":"image\/jpeg","source_url":"https:\/\/www.kalmarkonstmuseum.se\/designarkivet\/wp-content\/uploads\/sites\/4\/2023\/04\/haromkring-73-962x460.jpg"},"entry-image-home2":{"file":"haromkring-73-962x670.jpg","width":962,"height":670,"filesize":102919,"mime_type":"image\/jpeg","source_url":"https:\/\/www.kalmarkonstmuseum.se\/designarkivet\/wp-content\/uploads\/sites\/4\/2023\/04\/haromkring-73-962x670.jpg"},"exhibition-archive":{"file":"haromkring-73-750x372.jpg","width":750,"height":372,"filesize":51972,"mime_type":"image\/jpeg","source_url":"https:\/\/www.kalmarkonstmuseum.se\/designarkivet\/wp-content\/uploads\/sites\/4\/2023\/04\/haromkring-73-750x372.jpg"},"full":{"file":"haromkring-73-scaled.jpg","width":2560,"height":1644,"mime_type":"image\/jpeg","source_url":"https:\/\/www.kalmarkonstmuseum.se\/designarkivet\/wp-content\/uploads\/sites\/4\/2023\/04\/haromkring-73-scaled.jpg"}},"image_meta":{"aperture":"0","credit":"","camera":"","caption":"","created_timestamp":"0","copyright":"","focal_length":"0","iso":"0","shutter_speed":"0","title":"","orientation":"0","keywords":[]},"original_image":"haromkring-73.jpg"},"post":1849,"source_url":"https:\/\/www.kalmarkonstmuseum.se\/designarkivet\/wp-content\/uploads\/sites\/4\/2023\/04\/haromkring-73-scaled.jpg","_links":{"self":[{"href":"https:\/\/www.kalmarkonstmuseum.se\/designarkivet\/wp-json\/wp\/v2\/media\/1962","targetHints":{"allow":["GET"]}}],"collection":[{"href":"https:\/\/www.kalmarkonstmuseum.se\/designarkivet\/wp-json\/wp\/v2\/media"}],"about":[{"href":"https:\/\/www.kalmarkonstmuseum.se\/designarkivet\/wp-json\/wp\/v2\/types\/attachment"}],"author":[{"embeddable":true,"href":"https:\/\/www.kalmarkonstmuseum.se\/designarkivet\/wp-json\/wp\/v2\/users\/66"}],"replies":[{"embeddable":true,"href":"https:\/\/www.kalmarkonstmuseum.se\/designarkivet\/wp-json\/wp\/v2\/comments?post=1962"}],"wp:attached-to":[{"embeddable":true,"post_type":"post","id":1849,"href":"https:\/\/www.kalmarkonstmuseum.se\/designarkivet\/wp-json\/wp\/v2\/posts\/1849"}],"curies":[{"name":"wp","href":"https:\/\/api.w.org\/{rel}","templated":true}]}}

<p><i>bräv</i>, tidskrift, Rosa Tolnov Clausen, Daniele Burlando, 2023<br />Karta över vävstugor i Småland, Ann Rydh och lokala vävstugor, 2023</p>
