{"id":2690,"date":"2026-02-13T14:35:21","date_gmt":"2026-02-13T13:35:21","guid":{"rendered":"https:\/\/www.kalmarkonstmuseum.se\/designarkivet\/?page_id=2690"},"modified":"2026-03-20T08:58:04","modified_gmt":"2026-03-20T07:58:04","slug":"kalejdoskop","status":"publish","type":"page","link":"https:\/\/www.kalmarkonstmuseum.se\/designarkivet\/kalejdoskop\/","title":{"rendered":"Aktuell utst\u00e4llning"},"content":{"rendered":"<h1>\u00c5SA JUNGNELIUS<br \/>\nKALEJDOSKOP<\/h1>\n<h4>24 juni \u2013 27 september 2026<br \/>\nDesignarkivet<\/h4>\n<p><strong>Ikoniska skulpturer, stors\u00e4ljande publiksucc\u00e9er och ett s\u00e4rpr\u00e4glat f\u00f6rh\u00e5llningss\u00e4tt till glas \u2013 sommaren 2026 ger Designarkivet en unik inblick i \u00c5sa Jungnelius kalejdoskopiska universum och de kreativa processerna bakom verken.<\/strong><\/p>\n<p>I utst\u00e4llningen <em>Kalejdoskop<\/em> m\u00f6ter vi det originella formspr\u00e5ket hos \u00c5sa Jungnelius, en av Sveriges fr\u00e4msta konstn\u00e4rer och formgivare. Genombrottet kom 2008 med den feministiska glasserien <em>Make Up <\/em>f\u00f6r Kosta Boda. Redan 2004 hade dock seriens l\u00e4ppstift- och nagellacksfigurer presenterats som unika skulpturer i hennes examensutst\u00e4llning <em>Vad fin du \u00e4r i h\u00e5ret!<\/em> vid Konstfack. Denna process \u2013 d\u00e4r ett konstn\u00e4rligt intresse f\u00f6r bruksf\u00f6rem\u00e5let f\u00f6rst tar form som skulptur och d\u00e4refter som kommersiell produkt \u2013 har sedan dess varit k\u00e4nnetecknande f\u00f6r hennes praktik.<\/p>\n<p>\u00c5sa Jungnelius r\u00f6r sig fritt mellan sammanhang och arbetar s\u00f6ml\u00f6st med konstverk, offentliga installationer och vardagsf\u00f6rem\u00e5l. I <em>Kalejdoskop<\/em> visas bland annat glasprodukterna hon utvecklade f\u00f6r Kosta Boda, de prisbel\u00f6nta inredningsf\u00f6rem\u00e5len hon skapat f\u00f6r K\u00e4llemo samt hennes p\u00e5g\u00e5ende arbete med den konstn\u00e4rliga gestaltningen <em>Sn\u00e4ckan<\/em> till den nya tunnelbanestationen Hagastaden i Stockholm. H\u00e4r presenteras \u00e4ven produktionsskisser och prototyper till n\u00e5gra av hennes mest uppm\u00e4rksammade verk \u2013 en gener\u00f6s inblick i ett gr\u00e4ns\u00f6verskridande id\u00e9arbete och i okonventionella produktionsprocesser. Utst\u00e4llningen synligg\u00f6r ocks\u00e5 hur hon utmanar globaliseringens produktionslogik genom att bl\u00e5sa och s\u00e4lja dricksglas fr\u00e5n den egna glashyttan i sm\u00e5l\u00e4ndska M\u00e5nsam\u00e5la.<\/p>\n<p>Utst\u00e4llningen tar sin utg\u00e5ngspunkt i en donation fr\u00e5n \u00c5sa Jungnelius till Designarkivet, best\u00e5ende av skiss- och processmaterial fr\u00e5n hennes verksamhet. Tillskottet inneb\u00e4r ett betydelsefullt och f\u00f6rdjupat dokumentationsmaterial kring en av samtidens mest inflytelserika konstn\u00e4rer och formgivare.<\/p>\n<p>&nbsp;<\/p>\n<div id=\"attachment_2699\" style=\"width: 1930px\" class=\"wp-caption alignnone\"><a href=\"https:\/\/www.kalmarkonstmuseum.se\/designarkivet\/wp-content\/uploads\/sites\/4\/2026\/02\/montage.jpg\"><img loading=\"lazy\" decoding=\"async\" aria-describedby=\"caption-attachment-2699\" class=\"wp-image-2699 size-full\" src=\"https:\/\/www.kalmarkonstmuseum.se\/designarkivet\/wp-content\/uploads\/sites\/4\/2026\/02\/montage.jpg\" alt=\"\" width=\"1920\" height=\"1080\" srcset=\"https:\/\/www.kalmarkonstmuseum.se\/designarkivet\/wp-content\/uploads\/sites\/4\/2026\/02\/montage.jpg 1920w, https:\/\/www.kalmarkonstmuseum.se\/designarkivet\/wp-content\/uploads\/sites\/4\/2026\/02\/montage-300x169.jpg 300w, https:\/\/www.kalmarkonstmuseum.se\/designarkivet\/wp-content\/uploads\/sites\/4\/2026\/02\/montage-1024x576.jpg 1024w, https:\/\/www.kalmarkonstmuseum.se\/designarkivet\/wp-content\/uploads\/sites\/4\/2026\/02\/montage-768x432.jpg 768w, https:\/\/www.kalmarkonstmuseum.se\/designarkivet\/wp-content\/uploads\/sites\/4\/2026\/02\/montage-1536x864.jpg 1536w\" sizes=\"auto, (max-width: 1920px) 100vw, 1920px\" \/><\/a><p id=\"caption-attachment-2699\" class=\"wp-caption-text\"><em>Montage, fr\u00e5n v\u00e4nster:<\/em>Shell; Jackie, <em>\u00c5sa Jungnelius<\/em><\/p><\/div>\n<div id=\"attachment_2693\" style=\"width: 1930px\" class=\"wp-caption alignnone\"><a href=\"https:\/\/www.kalmarkonstmuseum.se\/designarkivet\/wp-content\/uploads\/sites\/4\/2026\/02\/skissmontage3.jpg\"><img loading=\"lazy\" decoding=\"async\" aria-describedby=\"caption-attachment-2693\" class=\"wp-image-2693 size-full\" src=\"https:\/\/www.kalmarkonstmuseum.se\/designarkivet\/wp-content\/uploads\/sites\/4\/2026\/02\/skissmontage3.jpg\" alt=\"\" width=\"1920\" height=\"1080\" srcset=\"https:\/\/www.kalmarkonstmuseum.se\/designarkivet\/wp-content\/uploads\/sites\/4\/2026\/02\/skissmontage3.jpg 1920w, https:\/\/www.kalmarkonstmuseum.se\/designarkivet\/wp-content\/uploads\/sites\/4\/2026\/02\/skissmontage3-300x169.jpg 300w, https:\/\/www.kalmarkonstmuseum.se\/designarkivet\/wp-content\/uploads\/sites\/4\/2026\/02\/skissmontage3-1024x576.jpg 1024w, https:\/\/www.kalmarkonstmuseum.se\/designarkivet\/wp-content\/uploads\/sites\/4\/2026\/02\/skissmontage3-768x432.jpg 768w, https:\/\/www.kalmarkonstmuseum.se\/designarkivet\/wp-content\/uploads\/sites\/4\/2026\/02\/skissmontage3-1536x864.jpg 1536w\" sizes=\"auto, (max-width: 1920px) 100vw, 1920px\" \/><\/a><p id=\"caption-attachment-2693\" class=\"wp-caption-text\"><em>\u00c5sa Jungnelius slog igenom 2008 med den feministiska glasserien <\/em>Make Up. <em>Skisser som synligg\u00f6r den kreativa processen bakom har nu donerats till Designarkivet.<\/em><\/p><\/div>\n<h4>Om \u00c5sa Jungnelius<\/h4>\n<p>\u00c5sa Jungnelius (f\u00f6dd 1975) bor och verkar i Stockholm och M\u00e5nsam\u00e5la. I sin materialbaserade praktik, d\u00e4r glas och bergarter som granit, diabas och marmor \u00e4r centrala, unders\u00f6ker hon hur kropp, identitet och materia st\u00e4ndigt omf\u00f6rhandlas.<\/p>\n<p>Hon har st\u00e4llt ut i s\u00e5v\u00e4l Sverige som internationellt, bland annat p\u00e5 Pera Museum i Istanbul, Xiangning Art Museum i Shenzhen och Nationalmuseum i Stockholm. 2012\u20132022 var hon bitr\u00e4dande professor vid Konstfack och \u00e4r nu aktuell med gestaltningsuppdraget <em>Sn\u00e4ckan<\/em> f\u00f6r tunnelbanestationen Hagastaden i Stockholm \u2013 ett arbete som p\u00e5b\u00f6rjades 2015 och ber\u00e4knas vara klart 2027.<\/p>\n<div id=\"attachment_2694\" style=\"width: 2570px\" class=\"wp-caption alignnone\"><a href=\"https:\/\/www.kalmarkonstmuseum.se\/designarkivet\/wp-content\/uploads\/sites\/4\/2026\/02\/asa-jungnelius-foto-martha-thisner-1-1-scaled.jpg\"><img loading=\"lazy\" decoding=\"async\" aria-describedby=\"caption-attachment-2694\" class=\"wp-image-2694 size-full\" src=\"https:\/\/www.kalmarkonstmuseum.se\/designarkivet\/wp-content\/uploads\/sites\/4\/2026\/02\/asa-jungnelius-foto-martha-thisner-1-1-scaled.jpg\" alt=\"\" width=\"2560\" height=\"2560\" srcset=\"https:\/\/www.kalmarkonstmuseum.se\/designarkivet\/wp-content\/uploads\/sites\/4\/2026\/02\/asa-jungnelius-foto-martha-thisner-1-1-scaled.jpg 2560w, https:\/\/www.kalmarkonstmuseum.se\/designarkivet\/wp-content\/uploads\/sites\/4\/2026\/02\/asa-jungnelius-foto-martha-thisner-1-1-300x300.jpg 300w, https:\/\/www.kalmarkonstmuseum.se\/designarkivet\/wp-content\/uploads\/sites\/4\/2026\/02\/asa-jungnelius-foto-martha-thisner-1-1-1024x1024.jpg 1024w, https:\/\/www.kalmarkonstmuseum.se\/designarkivet\/wp-content\/uploads\/sites\/4\/2026\/02\/asa-jungnelius-foto-martha-thisner-1-1-150x150.jpg 150w, https:\/\/www.kalmarkonstmuseum.se\/designarkivet\/wp-content\/uploads\/sites\/4\/2026\/02\/asa-jungnelius-foto-martha-thisner-1-1-768x768.jpg 768w, https:\/\/www.kalmarkonstmuseum.se\/designarkivet\/wp-content\/uploads\/sites\/4\/2026\/02\/asa-jungnelius-foto-martha-thisner-1-1-1536x1536.jpg 1536w, https:\/\/www.kalmarkonstmuseum.se\/designarkivet\/wp-content\/uploads\/sites\/4\/2026\/02\/asa-jungnelius-foto-martha-thisner-1-1-2048x2048.jpg 2048w\" sizes=\"auto, (max-width: 2560px) 100vw, 2560px\" \/><\/a><p id=\"caption-attachment-2694\" class=\"wp-caption-text\"><em>Foto: M\u00e4rta Thisner<\/em><\/p><\/div>\n","protected":false},"excerpt":{"rendered":"<p>Ikoniska skulpturer, stors\u00e4ljande publiksucc\u00e9er och ett s\u00e4rpr\u00e4glat f\u00f6rh\u00e5llningss\u00e4tt till glas \u2013 sommaren 2026 ger Designarkivet en unik inblick i \u00c5sa Jungnelius kalejdoskopiska universum och de kreativa processerna bakom verken.<\/p>\n","protected":false},"author":66,"featured_media":2691,"parent":0,"menu_order":0,"comment_status":"closed","ping_status":"closed","template":"","meta":{"_exactmetrics_skip_tracking":false,"_exactmetrics_sitenote_active":false,"_exactmetrics_sitenote_note":"","_exactmetrics_sitenote_category":0,"footnotes":""},"class_list":["post-2690","page","type-page","status-publish","has-post-thumbnail","hentry"],"_links":{"self":[{"href":"https:\/\/www.kalmarkonstmuseum.se\/designarkivet\/wp-json\/wp\/v2\/pages\/2690","targetHints":{"allow":["GET"]}}],"collection":[{"href":"https:\/\/www.kalmarkonstmuseum.se\/designarkivet\/wp-json\/wp\/v2\/pages"}],"about":[{"href":"https:\/\/www.kalmarkonstmuseum.se\/designarkivet\/wp-json\/wp\/v2\/types\/page"}],"author":[{"embeddable":true,"href":"https:\/\/www.kalmarkonstmuseum.se\/designarkivet\/wp-json\/wp\/v2\/users\/66"}],"replies":[{"embeddable":true,"href":"https:\/\/www.kalmarkonstmuseum.se\/designarkivet\/wp-json\/wp\/v2\/comments?post=2690"}],"version-history":[{"count":9,"href":"https:\/\/www.kalmarkonstmuseum.se\/designarkivet\/wp-json\/wp\/v2\/pages\/2690\/revisions"}],"predecessor-version":[{"id":2713,"href":"https:\/\/www.kalmarkonstmuseum.se\/designarkivet\/wp-json\/wp\/v2\/pages\/2690\/revisions\/2713"}],"wp:featuredmedia":[{"embeddable":true,"href":"https:\/\/www.kalmarkonstmuseum.se\/designarkivet\/wp-json\/wp\/v2\/media\/2691"}],"wp:attachment":[{"href":"https:\/\/www.kalmarkonstmuseum.se\/designarkivet\/wp-json\/wp\/v2\/media?parent=2690"}],"curies":[{"name":"wp","href":"https:\/\/api.w.org\/{rel}","templated":true}]}}

Aktuell utställning

<h1>ÅSA JUNGNELIUS<br />
KALEJDOSKOP</h1>
<h4>24 juni – 27 september 2026<br />
Designarkivet</h4>
<p><strong>Ikoniska skulpturer, storsäljande publiksuccéer och ett särpräglat förhållningssätt till glas – sommaren 2026 ger Designarkivet en unik inblick i Åsa Jungnelius kalejdoskopiska universum och de kreativa processerna bakom verken.</strong></p>
<p>I utställningen <em>Kalejdoskop</em> möter vi det originella formspråket hos Åsa Jungnelius, en av Sveriges främsta konstnärer och formgivare. Genombrottet kom 2008 med den feministiska glasserien <em>Make Up </em>för Kosta Boda. Redan 2004 hade dock seriens läppstift- och nagellacksfigurer presenterats som unika skulpturer i hennes examensutställning <em>Vad fin du är i håret!</em> vid Konstfack. Denna process – där ett konstnärligt intresse för bruksföremålet först tar form som skulptur och därefter som kommersiell produkt – har sedan dess varit kännetecknande för hennes praktik.</p>
<p>Åsa Jungnelius rör sig fritt mellan sammanhang och arbetar sömlöst med konstverk, offentliga installationer och vardagsföremål. I <em>Kalejdoskop</em> visas bland annat glasprodukterna hon utvecklade för Kosta Boda, de prisbelönta inredningsföremålen hon skapat för Källemo samt hennes pågående arbete med den konstnärliga gestaltningen <em>Snäckan</em> till den nya tunnelbanestationen Hagastaden i Stockholm. Här presenteras även produktionsskisser och prototyper till några av hennes mest uppmärksammade verk – en generös inblick i ett gränsöverskridande idéarbete och i okonventionella produktionsprocesser. Utställningen synliggör också hur hon utmanar globaliseringens produktionslogik genom att blåsa och sälja dricksglas från den egna glashyttan i småländska Månsamåla.</p>
<p>Utställningen tar sin utgångspunkt i en donation från Åsa Jungnelius till Designarkivet, bestående av skiss- och processmaterial från hennes verksamhet. Tillskottet innebär ett betydelsefullt och fördjupat dokumentationsmaterial kring en av samtidens mest inflytelserika konstnärer och formgivare.</p>
<p>&nbsp;</p>
<div id="attachment_2699" style="width: 1930px" class="wp-caption alignnone"><a href="https://www.kalmarkonstmuseum.se/designarkivet/wp-content/uploads/sites/4/2026/02/montage.jpg"><img loading="lazy" decoding="async" aria-describedby="caption-attachment-2699" class="wp-image-2699 size-full" src="https://www.kalmarkonstmuseum.se/designarkivet/wp-content/uploads/sites/4/2026/02/montage.jpg" alt="" width="1920" height="1080" srcset="https://www.kalmarkonstmuseum.se/designarkivet/wp-content/uploads/sites/4/2026/02/montage.jpg 1920w, https://www.kalmarkonstmuseum.se/designarkivet/wp-content/uploads/sites/4/2026/02/montage-300x169.jpg 300w, https://www.kalmarkonstmuseum.se/designarkivet/wp-content/uploads/sites/4/2026/02/montage-1024x576.jpg 1024w, https://www.kalmarkonstmuseum.se/designarkivet/wp-content/uploads/sites/4/2026/02/montage-768x432.jpg 768w, https://www.kalmarkonstmuseum.se/designarkivet/wp-content/uploads/sites/4/2026/02/montage-1536x864.jpg 1536w" sizes="auto, (max-width: 1920px) 100vw, 1920px" /></a><p id="caption-attachment-2699" class="wp-caption-text"><em>Montage, från vänster:</em>Shell; Jackie, <em>Åsa Jungnelius</em></p></div>
<div id="attachment_2693" style="width: 1930px" class="wp-caption alignnone"><a href="https://www.kalmarkonstmuseum.se/designarkivet/wp-content/uploads/sites/4/2026/02/skissmontage3.jpg"><img loading="lazy" decoding="async" aria-describedby="caption-attachment-2693" class="wp-image-2693 size-full" src="https://www.kalmarkonstmuseum.se/designarkivet/wp-content/uploads/sites/4/2026/02/skissmontage3.jpg" alt="" width="1920" height="1080" srcset="https://www.kalmarkonstmuseum.se/designarkivet/wp-content/uploads/sites/4/2026/02/skissmontage3.jpg 1920w, https://www.kalmarkonstmuseum.se/designarkivet/wp-content/uploads/sites/4/2026/02/skissmontage3-300x169.jpg 300w, https://www.kalmarkonstmuseum.se/designarkivet/wp-content/uploads/sites/4/2026/02/skissmontage3-1024x576.jpg 1024w, https://www.kalmarkonstmuseum.se/designarkivet/wp-content/uploads/sites/4/2026/02/skissmontage3-768x432.jpg 768w, https://www.kalmarkonstmuseum.se/designarkivet/wp-content/uploads/sites/4/2026/02/skissmontage3-1536x864.jpg 1536w" sizes="auto, (max-width: 1920px) 100vw, 1920px" /></a><p id="caption-attachment-2693" class="wp-caption-text"><em>Åsa Jungnelius slog igenom 2008 med den feministiska glasserien </em>Make Up. <em>Skisser som synliggör den kreativa processen bakom har nu donerats till Designarkivet.</em></p></div>
<h4>Om Åsa Jungnelius</h4>
<p>Åsa Jungnelius (född 1975) bor och verkar i Stockholm och Månsamåla. I sin materialbaserade praktik, där glas och bergarter som granit, diabas och marmor är centrala, undersöker hon hur kropp, identitet och materia ständigt omförhandlas.</p>
<p>Hon har ställt ut i såväl Sverige som internationellt, bland annat på Pera Museum i Istanbul, Xiangning Art Museum i Shenzhen och Nationalmuseum i Stockholm. 2012–2022 var hon biträdande professor vid Konstfack och är nu aktuell med gestaltningsuppdraget <em>Snäckan</em> för tunnelbanestationen Hagastaden i Stockholm – ett arbete som påbörjades 2015 och beräknas vara klart 2027.</p>
<div id="attachment_2694" style="width: 2570px" class="wp-caption alignnone"><a href="https://www.kalmarkonstmuseum.se/designarkivet/wp-content/uploads/sites/4/2026/02/asa-jungnelius-foto-martha-thisner-1-1-scaled.jpg"><img loading="lazy" decoding="async" aria-describedby="caption-attachment-2694" class="wp-image-2694 size-full" src="https://www.kalmarkonstmuseum.se/designarkivet/wp-content/uploads/sites/4/2026/02/asa-jungnelius-foto-martha-thisner-1-1-scaled.jpg" alt="" width="2560" height="2560" srcset="https://www.kalmarkonstmuseum.se/designarkivet/wp-content/uploads/sites/4/2026/02/asa-jungnelius-foto-martha-thisner-1-1-scaled.jpg 2560w, https://www.kalmarkonstmuseum.se/designarkivet/wp-content/uploads/sites/4/2026/02/asa-jungnelius-foto-martha-thisner-1-1-300x300.jpg 300w, https://www.kalmarkonstmuseum.se/designarkivet/wp-content/uploads/sites/4/2026/02/asa-jungnelius-foto-martha-thisner-1-1-1024x1024.jpg 1024w, https://www.kalmarkonstmuseum.se/designarkivet/wp-content/uploads/sites/4/2026/02/asa-jungnelius-foto-martha-thisner-1-1-150x150.jpg 150w, https://www.kalmarkonstmuseum.se/designarkivet/wp-content/uploads/sites/4/2026/02/asa-jungnelius-foto-martha-thisner-1-1-768x768.jpg 768w, https://www.kalmarkonstmuseum.se/designarkivet/wp-content/uploads/sites/4/2026/02/asa-jungnelius-foto-martha-thisner-1-1-1536x1536.jpg 1536w, https://www.kalmarkonstmuseum.se/designarkivet/wp-content/uploads/sites/4/2026/02/asa-jungnelius-foto-martha-thisner-1-1-2048x2048.jpg 2048w" sizes="auto, (max-width: 2560px) 100vw, 2560px" /></a><p id="caption-attachment-2694" class="wp-caption-text"><em>Foto: Märta Thisner</em></p></div>

<p>Ikoniska skulpturer, storsäljande publiksuccéer och ett särpräglat förhållningssätt till glas – sommaren 2026 ger Designarkivet en unik inblick i Åsa Jungnelius kalejdoskopiska universum och de kreativa processerna bakom verken.</p>
