{"id":500,"date":"2015-01-21T12:28:07","date_gmt":"2015-01-21T11:28:07","guid":{"rendered":"http:\/\/www.kalmarkonstmuseum.se\/designarkivet\/?page_id=500"},"modified":"2023-07-28T09:25:40","modified_gmt":"2023-07-28T07:25:40","slug":"tidigare-projekt","status":"publish","type":"page","link":"https:\/\/www.kalmarkonstmuseum.se\/designarkivet\/projekt-samarbeten\/tidigare-projekt\/","title":{"rendered":"Tidigare projekt"},"content":{"rendered":"<p class=\"western\" style=\"text-align: left;\" align=\"center\"><span lang=\"en-US\"><img loading=\"lazy\" decoding=\"async\" class=\"wp-image-1352 size-medium alignnone\" src=\"http:\/\/www.kalmarkonstmuseum.se\/designarkivet\/wp-content\/uploads\/sites\/4\/2017\/03\/krondahl-300x211.jpg\" alt=\"\" width=\"300\" height=\"211\" data-id=\"1352\" srcset=\"https:\/\/www.kalmarkonstmuseum.se\/designarkivet\/wp-content\/uploads\/sites\/4\/2017\/03\/krondahl-300x211.jpg 300w, https:\/\/www.kalmarkonstmuseum.se\/designarkivet\/wp-content\/uploads\/sites\/4\/2017\/03\/krondahl-768x540.jpg 768w, https:\/\/www.kalmarkonstmuseum.se\/designarkivet\/wp-content\/uploads\/sites\/4\/2017\/03\/krondahl.jpg 1000w\" sizes=\"auto, (max-width: 300px) 100vw, 300px\" \/><br \/>\n<\/span><span lang=\"en-GB\"><i>Sketch: Hans Krondahl<\/i><\/span><\/p>\n<h2 class=\"western\" style=\"text-align: left;\" align=\"center\"><span lang=\"en-US\">2017 Nybro &amp; Kalmar<\/span><\/h2>\n<p class=\"western\" style=\"text-align: left;\" align=\"center\"><span lang=\"en-US\">Nordcode<\/span><span lang=\"en-US\"> together with <\/span><span lang=\"en-US\">Designarkivet<\/span><span lang=\"en-US\"> in Nybro, hosted the 16<\/span><sup><span lang=\"en-US\">th<\/span><\/sup><span lang=\"en-US\"> Nordcode seminar 7-9 November 2017.<\/span><\/p>\n<p style=\"text-align: left;\" align=\"center\"><a href=\"http:\/\/www.kalmarkonstmuseum.se\/designarkivet\/projekt-samarbeten\/tidigare-projekt\/2017-nybro-kalmar\/\">L\u00e4s mer om 2017 Nybro &amp; Kalmar<\/a><\/p>\n<hr \/>\n<h2><a href=\"http:\/\/www.kalmarkonstmuseum.se\/designarkivet\/wp-content\/uploads\/sites\/4\/2014\/09\/J2015.jpg\"><img loading=\"lazy\" decoding=\"async\" class=\"alignnone size-medium wp-image-1133\" src=\"http:\/\/www.kalmarkonstmuseum.se\/designarkivet\/wp-content\/uploads\/sites\/4\/2014\/09\/J2015-300x167.jpg\" alt=\"J2015\" width=\"300\" height=\"167\" srcset=\"https:\/\/www.kalmarkonstmuseum.se\/designarkivet\/wp-content\/uploads\/sites\/4\/2014\/09\/J2015-300x167.jpg 300w, https:\/\/www.kalmarkonstmuseum.se\/designarkivet\/wp-content\/uploads\/sites\/4\/2014\/09\/J2015.jpg 500w\" sizes=\"auto, (max-width: 300px) 100vw, 300px\" \/><\/a><\/h2>\n<h2>NORDCODE<\/h2>\n<p>I augusti 2015 medverkade Designarkivet i Nordcodes seminarieprogram i Jyv\u00e4skyl\u00e4, Finland. Syftet var att knyta DA till ett forskningsn\u00e4tverk inom designf\u00e4ltet. P\u00e5 plats fick vi m\u00f6jlighet att presentera Designarkivet som samling och Pukeberg som plats och sammanhang. Vi kommer att utveckla samarbetet och h\u00e4rb\u00e4rgera en seminariesession p\u00e5 Designarkivet 2017.<\/p>\n<p>Nordcode startades 2000 och samlar aktiva forskare och doktorander som forskar om den kommunikativa aspekten hos artefakter, estetiska kvaliteter hos fysiska produkter och objekt samt designprocesser relaterat till ovanst\u00e5ende.<\/p>\n<p><a href=\"http:\/\/www.nordcode.net\/what-is-nordcode\/\" target=\"_blank\" rel=\"noopener noreferrer\">www.nordcode.net\/what-is-nordcode\/<\/a><\/p>\n<hr \/>\n<h3>Nationell arkiv- och forskningssamverkan<\/h3>\n<p>Under 2012\u20132015 drev Designarkivet och ArkDes projektet <a href=\"https:\/\/www.kalmarkonstmuseum.se\/designarkivet\/projekt-samarbeten\/nationell-arkiv-och-forskningssamverkan\/\"><em>Nationell arkiv- och forskningssamverkan<\/em><\/a> som finansierades av Statens kulturr\u00e5d och Region Kalmar l\u00e4n. Projektet gick ut p\u00e5 att skapa f\u00f6ruts\u00e4ttningar f\u00f6r forskning inom design, konsthantverk och arkitektur i anslutning till Designarkivet. Samt unders\u00f6ka hur arkiv kan f\u00f6rh\u00e5lla sig till och samla in digitalt originalmaterial. Likheterna mellan ArkDes och Designarkivets samlingar var projektets utg\u00e5ngspunkt.<\/p>\n<p>L\u00e4s mer om de aktiviteter och insatser som genomf\u00f6rdes under <a href=\"https:\/\/www.kalmarkonstmuseum.se\/designarkivet\/projekt-samarbeten\/nationell-arkiv-och-forskningssamverkan\/samtida-insamling\/\">Samtida inslamling<\/a> och <a href=\"https:\/\/www.kalmarkonstmuseum.se\/designarkivet\/projekt-samarbeten\/nationell-arkiv-och-forskningssamverkan\/forskning\/\">Forskning<\/a>.<\/p>\n<hr \/>\n<h3>Glasarvet<\/h3>\n<p>Med finansiellt st\u00f6d fr\u00e5n Regionf\u00f6rbundet i Kalmar, L\u00e4nsstyrelsen i Kalmar l\u00e4n, Nybro kommun och Emmaboda kommun inventerade museologen och projektledaren Ola Carlsson under 2013\u20132014 Glasrikets m\u00e5nga arkiv. M\u00e5let var att nedteckna vad som finns kvar i de arkiv som den sm\u00e5l\u00e4ndska glasindustrin byggt upp.<\/p>\n<hr \/>\n<h3>Reform Glasriket<\/h3>\n<p>Projektet genomf\u00f6rdes under 2013 med finansiering fr\u00e5n Vinnova. Det inneh\u00f6ll ett endagarsseminarium samt skriften Reform Glasriket. Tre f\u00f6rfattare\/f\u00f6rel\u00e4sare tog upp och behandlade grundl\u00e4ggande fr\u00e5gor r\u00f6rande Glasrikets framtid i en kritisk kontext. Projektets grundsats var att g\u00e5 vidare fr\u00e5n en stagnerande debatt kring utvecklingen av glasindustrin.<\/p>\n<p><a href=\"http:\/\/www.kalmarkonstmuseum.se\/designarkivet\/projekt-samarbeten\/reform-glasriket\/\">L\u00e4s mer <\/a><a href=\"http:\/\/www.kalmarkonstmuseum.se\/designarkivet\/projekt-samarbeten\/reform-glasriket\/\">om projektet <\/a><a href=\"http:\/\/www.kalmarkonstmuseum.se\/designarkivet\/wp-content\/uploads\/sites\/4\/2015\/10\/ReformGlasriket-review1.pdf\">ReformGlasriket-review<\/a><\/p>\n","protected":false},"excerpt":{"rendered":"<p>Sketch: Hans Krondahl 2017 Nybro &amp; Kalmar Nordcode together with Designarkivet in Nybro, hosted the 16th Nordcode seminar 7-9 November 2017. L\u00e4s mer om 2017 Nybro &amp; Kalmar NORDCODE I augusti 2015 medverkade Designarkivet i Nordcodes seminarieprogram i Jyv\u00e4skyl\u00e4, Finland. [&hellip;]<\/p>\n","protected":false},"author":2,"featured_media":0,"parent":18,"menu_order":0,"comment_status":"closed","ping_status":"closed","template":"","meta":{"_exactmetrics_skip_tracking":false,"_exactmetrics_sitenote_active":false,"_exactmetrics_sitenote_note":"","_exactmetrics_sitenote_category":0,"footnotes":""},"class_list":["post-500","page","type-page","status-publish","hentry"],"_links":{"self":[{"href":"https:\/\/www.kalmarkonstmuseum.se\/designarkivet\/wp-json\/wp\/v2\/pages\/500","targetHints":{"allow":["GET"]}}],"collection":[{"href":"https:\/\/www.kalmarkonstmuseum.se\/designarkivet\/wp-json\/wp\/v2\/pages"}],"about":[{"href":"https:\/\/www.kalmarkonstmuseum.se\/designarkivet\/wp-json\/wp\/v2\/types\/page"}],"author":[{"embeddable":true,"href":"https:\/\/www.kalmarkonstmuseum.se\/designarkivet\/wp-json\/wp\/v2\/users\/2"}],"replies":[{"embeddable":true,"href":"https:\/\/www.kalmarkonstmuseum.se\/designarkivet\/wp-json\/wp\/v2\/comments?post=500"}],"version-history":[{"count":3,"href":"https:\/\/www.kalmarkonstmuseum.se\/designarkivet\/wp-json\/wp\/v2\/pages\/500\/revisions"}],"predecessor-version":[{"id":1940,"href":"https:\/\/www.kalmarkonstmuseum.se\/designarkivet\/wp-json\/wp\/v2\/pages\/500\/revisions\/1940"}],"up":[{"embeddable":true,"href":"https:\/\/www.kalmarkonstmuseum.se\/designarkivet\/wp-json\/wp\/v2\/pages\/18"}],"wp:attachment":[{"href":"https:\/\/www.kalmarkonstmuseum.se\/designarkivet\/wp-json\/wp\/v2\/media?parent=500"}],"curies":[{"name":"wp","href":"https:\/\/api.w.org\/{rel}","templated":true}]}}

<p class="western" style="text-align: left;" align="center"><span lang="en-US"><img loading="lazy" decoding="async" class="wp-image-1352 size-medium alignnone" src="http://www.kalmarkonstmuseum.se/designarkivet/wp-content/uploads/sites/4/2017/03/krondahl-300x211.jpg" alt="" width="300" height="211" data-id="1352" srcset="https://www.kalmarkonstmuseum.se/designarkivet/wp-content/uploads/sites/4/2017/03/krondahl-300x211.jpg 300w, https://www.kalmarkonstmuseum.se/designarkivet/wp-content/uploads/sites/4/2017/03/krondahl-768x540.jpg 768w, https://www.kalmarkonstmuseum.se/designarkivet/wp-content/uploads/sites/4/2017/03/krondahl.jpg 1000w" sizes="auto, (max-width: 300px) 100vw, 300px" /><br />
</span><span lang="en-GB"><i>Sketch: Hans Krondahl</i></span></p>
<h2 class="western" style="text-align: left;" align="center"><span lang="en-US">2017 Nybro &amp; Kalmar</span></h2>
<p class="western" style="text-align: left;" align="center"><span lang="en-US">Nordcode</span><span lang="en-US"> together with </span><span lang="en-US">Designarkivet</span><span lang="en-US"> in Nybro, hosted the 16</span><sup><span lang="en-US">th</span></sup><span lang="en-US"> Nordcode seminar 7-9 November 2017.</span></p>
<p style="text-align: left;" align="center"><a href="http://www.kalmarkonstmuseum.se/designarkivet/projekt-samarbeten/tidigare-projekt/2017-nybro-kalmar/">Läs mer om 2017 Nybro &amp; Kalmar</a></p>
<hr />
<h2><a href="http://www.kalmarkonstmuseum.se/designarkivet/wp-content/uploads/sites/4/2014/09/J2015.jpg"><img loading="lazy" decoding="async" class="alignnone size-medium wp-image-1133" src="http://www.kalmarkonstmuseum.se/designarkivet/wp-content/uploads/sites/4/2014/09/J2015-300x167.jpg" alt="J2015" width="300" height="167" srcset="https://www.kalmarkonstmuseum.se/designarkivet/wp-content/uploads/sites/4/2014/09/J2015-300x167.jpg 300w, https://www.kalmarkonstmuseum.se/designarkivet/wp-content/uploads/sites/4/2014/09/J2015.jpg 500w" sizes="auto, (max-width: 300px) 100vw, 300px" /></a></h2>
<h2>NORDCODE</h2>
<p>I augusti 2015 medverkade Designarkivet i Nordcodes seminarieprogram i Jyväskylä, Finland. Syftet var att knyta DA till ett forskningsnätverk inom designfältet. På plats fick vi möjlighet att presentera Designarkivet som samling och Pukeberg som plats och sammanhang. Vi kommer att utveckla samarbetet och härbärgera en seminariesession på Designarkivet 2017.</p>
<p>Nordcode startades 2000 och samlar aktiva forskare och doktorander som forskar om den kommunikativa aspekten hos artefakter, estetiska kvaliteter hos fysiska produkter och objekt samt designprocesser relaterat till ovanstående.</p>
<p><a href="http://www.nordcode.net/what-is-nordcode/" target="_blank" rel="noopener noreferrer">www.nordcode.net/what-is-nordcode/</a></p>
<hr />
<h3>Nationell arkiv- och forskningssamverkan</h3>
<p>Under 2012–2015 drev Designarkivet och ArkDes projektet <a href="https://www.kalmarkonstmuseum.se/designarkivet/projekt-samarbeten/nationell-arkiv-och-forskningssamverkan/"><em>Nationell arkiv- och forskningssamverkan</em></a> som finansierades av Statens kulturråd och Region Kalmar län. Projektet gick ut på att skapa förutsättningar för forskning inom design, konsthantverk och arkitektur i anslutning till Designarkivet. Samt undersöka hur arkiv kan förhålla sig till och samla in digitalt originalmaterial. Likheterna mellan ArkDes och Designarkivets samlingar var projektets utgångspunkt.</p>
<p>Läs mer om de aktiviteter och insatser som genomfördes under <a href="https://www.kalmarkonstmuseum.se/designarkivet/projekt-samarbeten/nationell-arkiv-och-forskningssamverkan/samtida-insamling/">Samtida inslamling</a> och <a href="https://www.kalmarkonstmuseum.se/designarkivet/projekt-samarbeten/nationell-arkiv-och-forskningssamverkan/forskning/">Forskning</a>.</p>
<hr />
<h3>Glasarvet</h3>
<p>Med finansiellt stöd från Regionförbundet i Kalmar, Länsstyrelsen i Kalmar län, Nybro kommun och Emmaboda kommun inventerade museologen och projektledaren Ola Carlsson under 2013–2014 Glasrikets många arkiv. Målet var att nedteckna vad som finns kvar i de arkiv som den småländska glasindustrin byggt upp.</p>
<hr />
<h3>Reform Glasriket</h3>
<p>Projektet genomfördes under 2013 med finansiering från Vinnova. Det innehöll ett endagarsseminarium samt skriften Reform Glasriket. Tre författare/föreläsare tog upp och behandlade grundläggande frågor rörande Glasrikets framtid i en kritisk kontext. Projektets grundsats var att gå vidare från en stagnerande debatt kring utvecklingen av glasindustrin.</p>
<p><a href="http://www.kalmarkonstmuseum.se/designarkivet/projekt-samarbeten/reform-glasriket/">Läs mer </a><a href="http://www.kalmarkonstmuseum.se/designarkivet/projekt-samarbeten/reform-glasriket/">om projektet </a><a href="http://www.kalmarkonstmuseum.se/designarkivet/wp-content/uploads/sites/4/2015/10/ReformGlasriket-review1.pdf">ReformGlasriket-review</a></p>

<p>Sketch: Hans Krondahl 2017 Nybro &amp; Kalmar Nordcode together with Designarkivet in Nybro, hosted the 16th Nordcode seminar 7-9 November 2017. Läs mer om 2017 Nybro &amp; Kalmar NORDCODE I augusti 2015 medverkade Designarkivet i Nordcodes seminarieprogram i Jyväskylä, Finland. [&hellip;]</p>
