{"id":91,"date":"2014-09-12T11:47:21","date_gmt":"2014-09-12T09:47:21","guid":{"rendered":"http:\/\/www.kalmarkonstmuseum.se\/designarkivet\/?page_id=91"},"modified":"2015-11-10T10:36:55","modified_gmt":"2015-11-10T09:36:55","slug":"samtida-insamling","status":"publish","type":"page","link":"https:\/\/www.kalmarkonstmuseum.se\/designarkivet\/projekt-samarbeten\/nationell-arkiv-och-forskningssamverkan\/samtida-insamling\/","title":{"rendered":"Samtida insamling"},"content":{"rendered":"<p>Idag arbetar s\u00e5 gott som alla inom kreativa yrken b\u00e5de med penna och dator som verktyg. Arkiv som samlar deras arbetsprocesser beh\u00f6ver d\u00e4rf\u00f6r t\u00e4nka om kring hur insamling och bevarande ska g\u00f6ras fram\u00f6ver. Designarkivet och Arkitektur- och designcentrum i Stockholm\u00a0 samarbetar d\u00e4rf\u00f6r kring fr\u00e5gan om vilka\u00a0nya metoder som beh\u00f6vs f\u00f6r att samla in digitalt material till arkiven. Hur hanterar vi p\u00e5 b\u00e4sta s\u00e4tt detta material? Hur bevarar vi\u00a0det f\u00f6r framtiden? Ambitionen \u00e4r\u00a0att skapa en nationell referensgrupp f\u00f6r hur insamling av samtida skapande processer i framtiden kan g\u00f6ras p\u00e5 b\u00e4sta s\u00e4tt. Det l\u00e5ngsiktiga m\u00e5let med\u00a0samarbetet\u00a0\u00e4r att skapa\u00a0en nationell standard f\u00f6r insamling av samtida arbetsprocesser som inneh\u00e5ller b\u00e5de\u00a0analogt och digitalt material.<\/p>\n<p>En bra relation mellan arkivet och formgivarna anser vi\u00a0\u00e4r en f\u00f6ruts\u00e4ttning f\u00f6r att kunna samla material p\u00e5 ett kvalitativt s\u00e4tt. Tonvikten i insamlingen \u00e4r d\u00e4rf\u00f6r att skapa\u00a0ett n\u00e4ra samarbete mellan designer och Designarkivet.<\/p>\n<p>M\u00e5nga donationer kommer till designarkivet fr\u00e5n formgivare i slutet av sin yrkesverksamma tid, eller fr\u00e5n familjer till avlidna formgivare. F\u00f6r Designarkivet \u00e4r en strategi f\u00f6r att \u00e4ven samla samtida design av yttersta vikt. F\u00f6r tillf\u00e4llet arbetar Designarkivet utifr\u00e5n en trestegsmodell n\u00e4r det g\u00e4ller aktiv insamling. Vi samlar aktivt forskning med relation till formgivning eller formgivare, samt design som \u00e4r representativ f\u00f6r samtiden. F\u00f6ljande kriterier \u00e4r grund f\u00f6r en strategisk modell:<\/p>\n<ol>\n<li>Vi vill att designen\/designern ska finnas representerad i v\u00e5rt arkiv<\/li>\n<li>Vi vill att designen\/designern ska f\u00f6ljas upp av v\u00e5rt arkiv<\/li>\n<li>Vi vill att designen\/designern ska kunna beforskas i v\u00e5rt arkiv.<\/li>\n<\/ol>\n<p><a href=\"http:\/\/www.kalmarkonstmuseum.se\/designarkivet\/wp-content\/uploads\/sites\/4\/2015\/11\/sammanfattning_forstudie.pdf\" target=\"_blank\">Sammanfattning av f\u00f6rstudien i PDF-format \u203a<\/a><\/p>\n","protected":false},"excerpt":{"rendered":"<p>Idag arbetar s\u00e5 gott som alla inom kreativa yrken b\u00e5de med penna och dator som verktyg. Arkiv som samlar deras arbetsprocesser beh\u00f6ver d\u00e4rf\u00f6r t\u00e4nka om kring hur insamling och bevarande ska g\u00f6ras fram\u00f6ver. Designarkivet och Arkitektur- och designcentrum i Stockholm\u00a0 [&hellip;]<\/p>\n","protected":false},"author":2,"featured_media":1192,"parent":65,"menu_order":0,"comment_status":"closed","ping_status":"closed","template":"","meta":{"_exactmetrics_skip_tracking":false,"_exactmetrics_sitenote_active":false,"_exactmetrics_sitenote_note":"","_exactmetrics_sitenote_category":0,"footnotes":""},"class_list":["post-91","page","type-page","status-publish","has-post-thumbnail","hentry"],"_links":{"self":[{"href":"https:\/\/www.kalmarkonstmuseum.se\/designarkivet\/wp-json\/wp\/v2\/pages\/91","targetHints":{"allow":["GET"]}}],"collection":[{"href":"https:\/\/www.kalmarkonstmuseum.se\/designarkivet\/wp-json\/wp\/v2\/pages"}],"about":[{"href":"https:\/\/www.kalmarkonstmuseum.se\/designarkivet\/wp-json\/wp\/v2\/types\/page"}],"author":[{"embeddable":true,"href":"https:\/\/www.kalmarkonstmuseum.se\/designarkivet\/wp-json\/wp\/v2\/users\/2"}],"replies":[{"embeddable":true,"href":"https:\/\/www.kalmarkonstmuseum.se\/designarkivet\/wp-json\/wp\/v2\/comments?post=91"}],"version-history":[{"count":0,"href":"https:\/\/www.kalmarkonstmuseum.se\/designarkivet\/wp-json\/wp\/v2\/pages\/91\/revisions"}],"up":[{"embeddable":true,"href":"https:\/\/www.kalmarkonstmuseum.se\/designarkivet\/wp-json\/wp\/v2\/pages\/65"}],"wp:featuredmedia":[{"embeddable":true,"href":"https:\/\/www.kalmarkonstmuseum.se\/designarkivet\/wp-json\/wp\/v2\/media\/1192"}],"wp:attachment":[{"href":"https:\/\/www.kalmarkonstmuseum.se\/designarkivet\/wp-json\/wp\/v2\/media?parent=91"}],"curies":[{"name":"wp","href":"https:\/\/api.w.org\/{rel}","templated":true}]}}