{"id":93,"date":"2014-09-12T11:48:05","date_gmt":"2014-09-12T09:48:05","guid":{"rendered":"http:\/\/www.kalmarkonstmuseum.se\/designarkivet\/?page_id=93"},"modified":"2019-05-03T09:14:56","modified_gmt":"2019-05-03T07:14:56","slug":"forskning","status":"publish","type":"page","link":"https:\/\/www.kalmarkonstmuseum.se\/designarkivet\/projekt-samarbeten\/nationell-arkiv-och-forskningssamverkan\/forskning\/","title":{"rendered":"Forskning"},"content":{"rendered":"<p>Design \u00e4r ett relativt nytt forskningsf\u00e4lt inom den akademiska v\u00e4rlden. Det \u00e4r dessutom ett brett f\u00e4lt, d\u00e4r \u00e4mnet kan omfatta m\u00e5nga aspekter p\u00e5 relationen mellan producent, designer, produkt, konsument och det omgivande samh\u00e4llet under olika tider. Redan fr\u00e5n Designarkivets f\u00f6rsta \u00e5r var tanken att materialet skulle vara l\u00e4mpat f\u00f6r att forska om designprocessen; det kreativa arbetet som \u00e4r grunden f\u00f6r produktdesign.<\/p>\n<p>Forskning \u00e4r ett s\u00e4tt att skapa kunskap och d\u00e4rmed levandeg\u00f6ra ett arkiv. Designarkivets m\u00e5l \u00e4r att g\u00f6ra forskning till ett av verksamhetens huvudsp\u00e5r. Ansatsen i arbetet \u00e4r att \u00a0l\u00e5ngsiktigt forma Designarkivet till\u00a0en institution med utrymme f\u00f6r nya kombinationer av forskningsinriktningar. Grundtanken \u00e4r att alla s\u00e4tt att f\u00f6rdjupa f\u00f6rst\u00e5elsen f\u00f6r design, och f\u00f6r m\u00e4nniskans relation till f\u00f6rem\u00e5l, \u00e4r v\u00e4rdefulla f\u00f6r Designarkivet och f\u00f6r samh\u00e4llet.<\/p>\n<p>Det finns stora omr\u00e5den att utforska\u00a0och f\u00f6rst\u00e5 kring design, designprocess\u00a0och designhistoria. En viktig fr\u00e5gest\u00e4llning \u00e4r hur forskningssamarbeten p\u00e5 b\u00e4sta s\u00e4tt planeras\u00a0i f\u00f6rh\u00e5llande till plats, \u00e4mne och samlingens inneh\u00e5ll. Seminarier, forskningssessioner och gruppdiskussioner \u00e4r n\u00e5gra former som har pr\u00f6vats.\u00a0Diskussionerna har r\u00f6rt\u00a0forskningsl\u00e4ge, specifika forsknings\u00e4mnen och forskningsfr\u00e5gor. Aktiviteterna har hittills resulterat i tv\u00e5 ans\u00f6kningar om forsknings- och projektmedel. Samarbete med universitetsv\u00e4rlden \u00e4r av stor vikt f\u00f6r Designarkivet<\/p>\n<h4>\n<a href=\"http:\/\/www.kalmarkonstmuseum.se\/designarkivet\/exempelsida\/forskare\/\">Forkarservice \u203a<\/a><\/h4>\n","protected":false},"excerpt":{"rendered":"<p>Design \u00e4r ett relativt nytt forskningsf\u00e4lt inom den akademiska v\u00e4rlden. Det \u00e4r dessutom ett brett f\u00e4lt, d\u00e4r \u00e4mnet kan omfatta m\u00e5nga aspekter p\u00e5 relationen mellan producent, designer, produkt, konsument och det omgivande samh\u00e4llet under olika tider. Redan fr\u00e5n Designarkivets f\u00f6rsta [&hellip;]<\/p>\n","protected":false},"author":2,"featured_media":1453,"parent":65,"menu_order":0,"comment_status":"closed","ping_status":"closed","template":"","meta":{"_exactmetrics_skip_tracking":false,"_exactmetrics_sitenote_active":false,"_exactmetrics_sitenote_note":"","_exactmetrics_sitenote_category":0,"footnotes":""},"class_list":["post-93","page","type-page","status-publish","has-post-thumbnail","hentry"],"_links":{"self":[{"href":"https:\/\/www.kalmarkonstmuseum.se\/designarkivet\/wp-json\/wp\/v2\/pages\/93","targetHints":{"allow":["GET"]}}],"collection":[{"href":"https:\/\/www.kalmarkonstmuseum.se\/designarkivet\/wp-json\/wp\/v2\/pages"}],"about":[{"href":"https:\/\/www.kalmarkonstmuseum.se\/designarkivet\/wp-json\/wp\/v2\/types\/page"}],"author":[{"embeddable":true,"href":"https:\/\/www.kalmarkonstmuseum.se\/designarkivet\/wp-json\/wp\/v2\/users\/2"}],"replies":[{"embeddable":true,"href":"https:\/\/www.kalmarkonstmuseum.se\/designarkivet\/wp-json\/wp\/v2\/comments?post=93"}],"version-history":[{"count":0,"href":"https:\/\/www.kalmarkonstmuseum.se\/designarkivet\/wp-json\/wp\/v2\/pages\/93\/revisions"}],"up":[{"embeddable":true,"href":"https:\/\/www.kalmarkonstmuseum.se\/designarkivet\/wp-json\/wp\/v2\/pages\/65"}],"wp:featuredmedia":[{"embeddable":true,"href":"https:\/\/www.kalmarkonstmuseum.se\/designarkivet\/wp-json\/wp\/v2\/media\/1453"}],"wp:attachment":[{"href":"https:\/\/www.kalmarkonstmuseum.se\/designarkivet\/wp-json\/wp\/v2\/media?parent=93"}],"curies":[{"name":"wp","href":"https:\/\/api.w.org\/{rel}","templated":true}]}}